mainder when 2823614 is divided by 3620?
14
Calculate the remainder when 3404508 is divided by 9.
6
Calculate the remainder when 1940840 is divided by 71881.
53
What is the remainder when 208208655 is divided by 104104323?
9
What is the remainder when 2399629 is divided by 95983?
54
What is the remainder when 802411 is divided by 114587?
302
Calculate the remainder when 8268826 is divided by 2756271.
13
What is the remainder when 2807951 is divided by 694?
27
What is the remainder when 1202826 is divided by 103?
95
Calculate the remainder when 935818 is divided by 258.
52
What is the remainder when 375779 is divided by 156?
131
What is the remainder when 1748 is divided by 571?
35
Calculate the remainder when 44815961 is divided by 363.
344
What is the remainder when 26439564 is divided by 539?
536
Calculate the remainder when 976568 is divided by 2790.
68
What is the remainder when 125030747 is divided by 11?
6
Calculate the remainder when 523880739 is divided by 1491.
1488
Calculate the remainder when 99475548 is divided by 16.
12
What is the remainder when 2658733 is divided by 487?
200
Calculate the remainder when 41734308 is divided by 112189.
0
Calculate the remainder when 156378392 is divided by 165.
137
Calculate the remainder when 6888 is divided by 26.
24
Calculate the remainder when 1131880190 is divided by 256.
254
Calculate the remainder when 33963176 is divided by 970376.
16
Calculate the remainder when 91693 is divided by 1231.
599
Calculate the remainder when 279568 is divided by 92941.
745
Calculate the remainder when 22586 is divided by 20077.
2509
Calculate the remainder when 15930 is divided by 15574.
356
Calculate the remainder when 3035719 is divided by 209.
203
Calculate the remainder when 313164 is divided by 23753.
4375
What is the remainder when 23933694 is divided by 61?
39
What is the remainder when 88515 is divided by 667?
471
Calculate the remainder when 466816317 is divided by 1140.
1137
Calculate the remainder when 4247015 is divided by 29.
23
What is the remainder when 692599 is divided by 230566?
901
What is the remainder when 70120 is divided by 17486?
176
What is the remainder when 2250684 is divided by 1792?
1724
Calculate the remainder when 47059 is divided by 14919.
2302
What is the remainder when 6977087 is divided by 1666?
1545
What is the remainder when 140504 is divided by 227?
218
What is the remainder when 9679119 is divided by 443?
12
Calculate the remainder when 4893019 is divided by 92.
91
What is the remainder when 1276755 is divided by 638225?
305
Calculate the remainder when 4711335 is divided by 264.
255
What is the remainder when 1682731 is divided by 152970?
61
What is the remainder when 479314 is divided by 5639?
5638
What is the remainder when 15527573 is divided by 3881890?
13
Calculate the remainder when 47605 is divided by 9274.
1235
Calculate the remainder when 1281944 is divided by 256244.
724
Calculate the remainder when 13227769 is divided by 4409242.
43
What is the remainder when 13158369 is divided by 81?
0
Calculate the remainder when 1902505 is divided by 22122.
13
Calculate the remainder when 59849 is divided by 728.
153
What is the remainder when 7913 is divided by 2495?
428
Calculate the remainder when 61724526 is divided by 20178.
24
What is the remainder when 115221 is divided by 957?
381
Calculate the remainder when 279397 is divided by 4.
1
What is the remainder when 231222505 is divided by 17?
14
Calculate the remainder when 27780786 is divided by 2541.
33
What is the remainder when 279065 is divided by 278516?
549
What is the remainder when 28749189 is divided by 3595?
3569
What is the remainder when 187482346 is divided by 134?
132
Calculate the remainder when 1266101 is divided by 418839.
9584
Calculate the remainder when 114330 is divided by 113483.
847
Calculate the remainder when 572571 is divided by 523.
409
What is the remainder when 73187830 is divided by 1108?
1106
What is the remainder when 254745 is divided by 2786?
1219
What is the remainder when 30565 is divided by 543?
157
What is the remainder when 3176867 is divided by 3416?
3403
Calculate the remainder when 34675132 is divided by 63.
58
Calculate the remainder when 3107083 is divided by 817.
32
Calculate the remainder when 28400976 is divided by 31804.
4
What is the remainder when 2193752 is divided by 929?
383
What is the remainder when 413592 is divided by 338?
218
What is the remainder when 15873366 is divided by 39?
15
What is the remainder when 7961641 is divided by 69?
7
What is the remainder when 21371478 is divided by 63?
51
Calculate the remainder when 70685561 is divided by 14.
9
What is the remainder when 47263 is divided by 905?
203
Calculate the remainder when 87396806 is divided by 347.
345
What is the remainder when 9341554 is divided by 240?
34
Calculate the remainder when 11703 is divided by 4307.
3089
What is the remainder when 16786175 is divided by 77?
21
Calculate the remainder when 2874972 is divided by 205341.
198
What is the remainder when 11665141 is divided by 628?
41
Calculate the remainder when 138942 is divided by 211.
104
What is the remainder when 3211821 is divided by 562?
553
Calculate the remainder when 780262 is divided by 1044.
394
What is the remainder when 19194013 is divided by 3198986?
97
What is the remainder when 48150 is divided by 35?
25
Calculate the remainder when 837418 is divided by 279076.
190
Calculate the remainder when 2778811 is divided by 1389330.
151
Calculate the remainder when 159113 is divided by 53010.
83
Calculate the remainder when 2770 is divided by 1107.
556
Calculate the remainder when 48273748 is divided by 1125.
1123
What is the remainder when 1972890 is divided by 186?
174
Calculate the remainder when 1952353 is divided by 69.
67
Calculate the remainder when 19113804 is divided by 4906.
28
Calculate the remainder when 1117657 is divided by 372519.
100
What is the remainder when 32265 is divided by 32135?
130
Calculate the remainder when 135484073 is divided by 33.
32
What is the remainder when 44453564 is divided by 21?
8
Calculate the remainder when 406118 is divided by 81014.
1048
Calculate the remainder when 537354 is divided by 262.
254
What is the remainder when 49949 is divided by 5513?
332
Calculate the remainder when 277876 is divided by 338.
40
What is the remainder when 25100672 is divided by 1028?
1024
Calculate the remainder when 12534935 is divided by 4178305.
20
What is the remainder when 5032321 is divided by 2?
1
What is the remainder when 190520 is divided by 7327?
18
Calculate the remainder when 5054233 is divided by 3873.
3841
Calculate the remainder when 3148591 is divided by 23.
6
Calculate the remainder when 54000941 is divided by 5412.
5
Calculate the remainder when 98189 is divided by 638.
575
Calculate the remainder when 623068 is divided by 207642.
142
Calculate the remainder when 27693177 is divided by 4110.
4107
Calculate the remainder when 6922769 is divided by 138455.
19
What is the remainder when 11794818 is divided by 1903?
24
Calculate the remainder when 6572667 is divided by 1972.
1963
Calculate the remainder when 21560991 is divided by 1.
0
What is the remainder when 18486808 is divided by 4621698?
16
What is the remainder when 1017047 is divided by 1401?
1322
What is the remainder when 742355 is divided by 28?
19
Calculate the remainder when 215103 is divided by 1319.
106
What is the remainder when 1632993 is divided by 85934?
247
Calculate the remainder when 3152843 is divided by 2610.
2573
Calculate the remainder when 1278031 is divided by 390.
1
What is the remainder when 750902 is divided by 375311?
280
What is the remainder when 17302 is divided by 1185?
712
What is the remainder when 3820662 is divided by 347278?
604
What is the remainder when 619495 is divided by 1050?
1045
Calculate the remainder when 1240503 is divided by 4027.
187
What is the remainder when 2315690 is divided by 5169?
5147
What is the remainder when 54114258 is divided by 614?
596
What is the remainder when 375236 is divided by 7212?
212
Calculate the remainder when 3997 is divided by 562.
63
Calculate the remainder when 17359670 is divided by 1101.
203
What is the remainder when 29375 is divided by 414?
395
Calculate t